hen 19147926 is divided by 432?
390
Calculate the remainder when 31263622 is divided by 107435.
37
Calculate the remainder when 448484 is divided by 2680.
924
Calculate the remainder when 11308241 is divided by 66.
65
What is the remainder when 2814755 is divided by 130?
125
What is the remainder when 562122 is divided by 280693?
736
Calculate the remainder when 12692330 is divided by 1410258.
8
What is the remainder when 6439620 is divided by 6295?
6130
What is the remainder when 2072483 is divided by 82899?
8
Calculate the remainder when 2366866 is divided by 2366844.
22
Calculate the remainder when 4056554 is divided by 1974.
1958
Calculate the remainder when 40734875 is divided by 2847.
2846
Calculate the remainder when 88720796 is divided by 6.
2
Calculate the remainder when 243856 is divided by 246.
70
What is the remainder when 19720 is divided by 9860?
0
Calculate the remainder when 289894 is divided by 26.
20
What is the remainder when 14769 is divided by 53?
35
What is the remainder when 933033 is divided by 16?
9
What is the remainder when 16865265 is divided by 976?
961
What is the remainder when 104424 is divided by 1220?
724
Calculate the remainder when 1099794 is divided by 122189.
93
What is the remainder when 2069616 is divided by 2432?
2416
What is the remainder when 1375492 is divided by 174?
22
What is the remainder when 81418 is divided by 1570?
1348
Calculate the remainder when 47522 is divided by 44580.
2942
What is the remainder when 18220260 is divided by 915?
780
What is the remainder when 4095 is divided by 686?
665
Calculate the remainder when 3601363 is divided by 4553.
4493
What is the remainder when 1167909 is divided by 14062?
763
Calculate the remainder when 682384 is divided by 571.
39
What is the remainder when 63370 is divided by 5275?
70
What is the remainder when 1714079 is divided by 238?
3
What is the remainder when 564212 is divided by 140395?
2632
Calculate the remainder when 18351 is divided by 4181.
1627
Calculate the remainder when 59197547 is divided by 204.
11
Calculate the remainder when 859341 is divided by 18196.
4129
Calculate the remainder when 42455 is divided by 1668.
755
What is the remainder when 166196 is divided by 110?
96
What is the remainder when 75165556 is divided by 509?
508
What is the remainder when 60007241 is divided by 1176612?
29
Calculate the remainder when 14772 is divided by 1832.
116
What is the remainder when 11276 is divided by 11204?
72
What is the remainder when 29496 is divided by 1016?
32
What is the remainder when 3263833 is divided by 789?
529
What is the remainder when 111506974 is divided by 24?
22
Calculate the remainder when 2183145 is divided by 811.
744
Calculate the remainder when 102254 is divided by 14573.
243
Calculate the remainder when 1471019 is divided by 490326.
41
What is the remainder when 12798 is divided by 919?
851
What is the remainder when 183481 is divided by 4193?
3182
What is the remainder when 2186247 is divided by 3?
0
What is the remainder when 9232601 is divided by 336?
329
Calculate the remainder when 17162639 is divided by 120.
119
Calculate the remainder when 2960834 is divided by 134583.
8
Calculate the remainder when 4502057 is divided by 68209.
263
Calculate the remainder when 37336332 is divided by 190.
2
What is the remainder when 3306619 is divided by 1653303?
13
What is the remainder when 40181 is divided by 39935?
246
What is the remainder when 29363498 is divided by 863632?
10
Calculate the remainder when 1240252 is divided by 1580.
1532
What is the remainder when 935136 is divided by 894?
12
What is the remainder when 109562 is divided by 108650?
912
What is the remainder when 103821 is divided by 440?
421
Calculate the remainder when 646512 is divided by 321597.
3318
Calculate the remainder when 30571990 is divided by 69324.
106
Calculate the remainder when 5983308 is divided by 177.
0
What is the remainder when 2064844 is divided by 77?
12
Calculate the remainder when 1732705 is divided by 3554.
1907
What is the remainder when 583508 is divided by 334?
10
What is the remainder when 381164 is divided by 76215?
89
Calculate the remainder when 409135 is divided by 872.
167
What is the remainder when 3461472 is divided by 167?
63
What is the remainder when 36566030 is divided by 5172?
5162
What is the remainder when 1707504 is divided by 618?
588
Calculate the remainder when 3987521 is divided by 5864.
1
What is the remainder when 328731 is divided by 32725?
1481
What is the remainder when 26398 is divided by 2169?
370
Calculate the remainder when 3632354 is divided by 3632337.
17
What is the remainder when 45916305 is divided by 40?
25
What is the remainder when 111848 is divided by 338?
308
Calculate the remainder when 1319185 is divided by 612.
325
Calculate the remainder when 107123 is divided by 11854.
437
What is the remainder when 174053 is divided by 3283?
54
What is the remainder when 363932 is divided by 181694?
544
What is the remainder when 269741 is divided by 2408?
45
Calculate the remainder when 122340 is divided by 995.
950
Calculate the remainder when 2220703 is divided by 51.
10
Calculate the remainder when 873710 is divided by 43685.
10
What is the remainder when 246435 is divided by 239?
26
Calculate the remainder when 2291279 is divided by 3825.
104
Calculate the remainder when 21713 is divided by 3796.
2733
Calculate the remainder when 172655 is divided by 28773.
17
What is the remainder when 3737669 is divided by 7884?
653
Calculate the remainder when 1817212 is divided by 605666.
214
Calculate the remainder when 2498572 is divided by 107.
15
What is the remainder when 585365 is divided by 8696?
2733
What is the remainder when 82099 is divided by 1467?
1414
What is the remainder when 8213516 is divided by 2990?
2976
Calculate the remainder when 5108651 is divided by 855.
26
Calculate the remainder when 625979 is divided by 1102.
43
What is the remainder when 3655217 is divided by 89148?
149
Calculate the remainder when 2381272 is divided by 11024.
88
Calculate the remainder when 180388 is divided by 38.
2
What is the remainder when 66048195 is divided by 2016?
3
Calculate the remainder when 3180290 is divided by 179.
176
What is the remainder when 252257 is divided by 35964?
509
What is the remainder when 423411 is divided by 1470?
51
Calculate the remainder when 9313143 is divided by 6454.
21
Calculate the remainder when 350319807 is divided by 1739.
1735
What is the remainder when 13819 is divided by 1225?
344
Calculate the remainder when 165729322 is divided by 122.
8
What is the remainder when 2600559 is divided by 529?
524
What is the remainder when 36849734 is divided by 1141?
1139
Calculate the remainder when 32113134 is divided by 404.
386
What is the remainder when 1367889 is divided by 302?
131
What is the remainder when 129453 is divided by 1744?
397
Calculate the remainder when 3563343 is divided by 41430.
363
What is the remainder when 152085974 is divided by 239?
236
Calculate the remainder when 6856787 is divided by 6856778.
9
What is the remainder when 2483347 is divided by 269?
208
What is the remainder when 132906 is divided by 132837?
69
What is the remainder when 4832015 is divided by 72?
23
Calculate the remainder when 270683 is divided by 20821.
10
What is the remainder when 1368551 is divided by 273709?
6
What is the remainder when 69803009 is divided by 155?
154
What is the remainder when 250105 is divided by 922?
243
Calculate the remainder when 4674828 is divided by 7397.
7321
What is the remainder when 730938 is divided by 48670?
888
Calculate the remainder when 1743243 is divided by 2261.
12
What is the remainder when 55431 is divided by 17530?
2841
What is the remainder when 3331760 is divided by 7196?
12
What is the remainder when 466978553 is divided by 777?
776
Calculate the remainder when 76951 is divided by 536.
303
Calculate the remainder when 25851917 is divided by 32807.
1
Calculate the remainder when 1739911 is divided by 182.
173
Calculate the remainder when 2124421 is divided by 291.
121
What is the remainder when 529890997 is divided by 434?
433
Calculate the remainder when 28578 is divided by 478.
376
Calculate the remainder when 6006039 is divided by 150